termine u(x).
-11
Let v(f) = f**3 - 3*f - 1. Let m be v(-2). Let p(s) = -s**3 - 2*s**2 + 4*s - 1. Give p(m).
-4
Let n(o) = 7*o - 1. Let w be n(1). Let j(q) = w - q - q + 7*q + q**2. Let h = -7 + 3. Give j(h).
2
Let r(v) = -v**3 - 7*v**2 - 9*v - 8. Let s be 2/11 + 1700/(-275). Determine r(s).
10
Let i = 74 - 82. Let o(l) = l**3 + 9*l**2 + 8*l - 10. Calculate o(i).
-10
Suppose 3*k - 1 = 17. Let a(w) = 376*w**3 - 377*w**3 + 7*w**2 - 5*w + 0*w**2. Determine a(k).
6
Suppose -3*i - x - 13 = 0, 4*x = -2*i + 1 - 3. Let z(d) = -2*d - 4. Give z(i).
6
Let z be (-12)/(-18)*(-45)/(-6). Suppose t = -z*b - 19, -b + 2 = -2*t + b. Let m(c) = -c**3 - 4*c**2 - 2*c + 3. What is m(t)?
11
Let k(p) be the first derivative of -p**4/6 + 2*p**3/3 + 3*p**2/2 + 4*p - 4. Let v(q) be the first derivative of k(q). Determine v(4).
-13
Suppose 7*l - 4*l - 33 = 0. Let x = l + -7. Let z(v) be the second derivative of -v**3/6 + 3*v**2/2 - v. Determine z(x).
-1
Let g(p) = 39*p**2 + 21*p. Let x(d) = -11*d**2 - 6*d. Let j(l) = -5*g(l) - 18*x(l). Give j(-2).
6
Let d = 14 - 13. Let y(z) = -10*z**3 - 2*z**2 + 2*z - 1. Give y(d).
-11
Let i(w) = w**2 + 7*w + 4. Let r = 13 + -2. Suppose 5*v = r - 41. What is i(v)?
-2
Suppose -9*s + 46 = -7*s. Let j = -26 + s. Let u(x) = -4*x - 3. Give u(j).
9
Let t(n) = -4*n + 2*n**2 - 2*n**3 + 0*n + 4*n + 2. Calculate t(2).
-6
Let g(a) = 4*a**2 - 2*a + 4*a**2 - 9*a**2 - 4 + 2. Determine g(-4).
-10
Let g(z) be the second derivative of -z**4/12 + 5*z**3/3 - z**2 - 41*z. Give g(4).
22
Suppose -2*n + 10 - 2 = 0. Let q(p) = -3*p**3 - 13*p**2 - 9*p + 7. Let w(v) = v**3 + 6*v**2 + 4*v - 4. Let k(y) = 2*q(y) + 5*w(y). What is k(n)?
2
Let v(h) = 3*h. Let k = 32 + -20. Suppose -3*j = -3*z - k, -5*j = -4*z + 3 - 18. What is v(j)?
-3
Let h(m) = -3*m**2 + 1 - 2*m - 2 + 4*m + 4*m**2. Let d be h(-3). Let s(a) = a**3 - 3*a**2 + 1. Calculate s(d).
-3
Let x = 2 + -2. Suppose x = -w - 3 + 8. Let v(k) = k**3 - 6*k**2 + 2*k + 4. What is v(w)?
-11
Let r(k) = -7 + 2*k**2 + 5 + 14*k + 11. Let b(d) = 3*d**2 + 21*d + 14. Let a(n) = 5*b(n) - 8*r(n). Calculate a(-6).
4
Suppose 3*f - t + 3 = -f, 0 = 2*f + 2*t - 6. Let s = f + 1. Let j(q) = -8*q - 6. Let d(p) = p. Let i(o) = s*j(o) + 6*d(o). Give i(-6).
6
Suppose 2*b - 2 = 3*b. Let m(y) = y**3 - 7*y**2 - 8*y + 1. Let c(s) = 3*s**3 - 22*s**2 - 24*s + 2. Let o(u) = b*c(u) + 7*m(u). Calculate o(6).
-9
Let s(f) = f**3 + f**2 - f + 4. Suppose -14 = 6*j - 14. Determine s(j).
4
Suppose -12*z = -10*z - 4. Let m(u) = 3*u - 3*u**2 - 101 + 105 + u**z. What is m(3)?
-5
Let p(y) = -2*y**2 - 15*y - 12. Let f(m) = -m**2 - 5*m - 4. Let t(s) = 8*f(s) - 3*p(s). Let o = 11 + -7. Suppose 5 = o*z - 11. Determine t(z).
-8
Suppose j = -0*j + 5, -4*w - 4*j = -36. Let n(d) = d**2 - 6*d + 4. Determine n(w).
-4
Let s(x) = -2*x**3 + 3*x**2 - x - 2. Let b(a) = a**2 + 7*a - 9. Let v be b(-7). Let d be (v/(-6))/3*4. Calculate s(d).
-8
Let n be (32/(-6))/((-2)/3). Let y be ((-18)/n)/(6/16). Let k(l) = -l**3 - 7*l**2 - 5*l. Determine k(y).
-6
Let g(q) be the second derivative of 2*q**3/3 + q**2/2 - q - 12. Calculate g(4).
17
Let c(j) = -j - 1. Let s be 4/(-10) + 2/5. Suppose -g + s*g = -1. Let x = -2 - g. Determine c(x).
2
Let f = 57 + -49. Let b(h) = -h**3 + 8*h**2 + h - 1. Determine b(f).
7
Let h(a) = -a**3 - 3*a**2 + 3*a - 2. Let r be h(-4). Let y(d) = -r + 3 + 7*d**2 + 5*d**2 - 5*d**2 + 2*d. Calculate y(-1).
6
Let q(o) = 2*o**2 + 2*o - 1. Let p(w) = -w**2 + w + 4. Let i be p(0). Suppose -11 = -2*c + i*m - 3*m, 3*m = -15. Suppose -2*t + 5 = c. Determine q(t).
3
Let v(f) = -f**2 + 4*f - 6. Let u be 21/(-7) + -1 + 0. Let p be 10*(3 - (-10)/u). What is v(p)?
-11
Suppose 4 = -s + 3. Let q be (-2)/6 + 14/6. Let k(y) = -3 + y + 6 + 3*y**q - 2. Determine k(s).
3
Let u be (2*-1)/(12 - 10). Let n(a) = -6*a + 1. Determine n(u).
7
Let j(q) = q**3 - 2*q**2 + q - 2. Let h be (-4)/14 - 32/(-14). Let v be j(h). Let f(a) = a**2 + a + 4. Give f(v).
4
Let q(r) be the first derivative of 3*r**2/2 - r + 30. Calculate q(4).
11
Let l(p) = 0 - 18 - p**2 + 8. Determine l(0).
-10
Let n(k) = 6*k + k**3 - 5*k + 2*k**2 - 20 + 21. Give n(-1).
1
Let f(g) = 1. Let o(v) = v. Let s(l) = 2*f(l) + o(l). Calculate s(6).
8
Let h(w) = w**2 - 4*w + 1. Suppose 0 = -2*s + 3*s + 4*t - 16, 2*t = 5*s - 14. Give h(s).
1
Let i(z) = z**3 + 3*z**2 - 2*z - 3. Suppose 0 = 5*k, 2*f = 2*k - 5*k. Suppose -4*g - a + 32 = -f*g, -24 = -3*g - a. Let s be (-1)/4 - 22/g. Give i(s).
3
Let g(b) be the third derivative of 3*b**2 + 1/60*b**5 + 0*b - 1/120*b**6 + 0 - 1/8*b**4 + 1/3*b**3. What is g(2)?
-8
Let f(n) be the third derivative of 0*n + 1/10*n**5 + 4*n**2 - 1/120*n**6 - n**3 + 0 - 1/8*n**4. Determine f(5).
4
Let j = 7 + -17. Let p be j*1*2/(-4). Let v = -5 + p. Let o(w) = w**2 - w - 1. Give o(v).
-1
Let f(v) = 2*v**2 - 8*v - 12. Let j(g) = -3*g**2 + 12*g + 18. Let q(r) = 8*f(r) + 5*j(r). Give q(6).
6
Let u(l) be the second derivative of 0 + 2*l + 0*l**2 - 1/3*l**3. Determine u(2).
-4
Suppose -g + 4 = 4*j - 13, -34 = 3*g - 5*j. Let c(i) = i + 4. Let s be c(g). Let a(v) = -s - 3 + v**3 + 3 + 2*v**2. Calculate a(-2).
-1
Let k(i) = 7*i**2 - 5*i + 1. Let d(p) = 8*p**2 - 6*p + 1. Let l(x) = 2*d(x) - 3*k(x). What is l(2)?
-15
Let g(x) be the first derivative of -x**4/4 + 5*x**3/3 - x**2/2 - 7*x + 11. Determine g(5).
-12
Let m(h) be the first derivative of h**2/2 - 5*h - 1. Suppose 3*p - 22 = 2. Suppose 10 = -5*j, b - 4*b = -4*j - p. Determine m(b).
-5
Let a(t) = -6*t**2 - 1. Let v = -34 + 33. Give a(v).
-7
Let s(c) be the first derivative of c**3/3 + c**2/2 + c - 11. Calculate s(5).
31
Let o = -134 + 136. Let m(l) = 5*l**2 - 4*l + 2. What is m(o)?
14
Let u be (-2)/(-6)*-3*1. Let w(x) be the second derivative of x**5/60 + x**2 - 2*x. Let m(o) be the first derivative of w(o). Calculate m(u).
1
Let v be (-1)/(5 + (0 - 4)). Let o(k) = 2*k**2 + 2*k - 2*k**2 + 1 + 4*k**2. Determine o(v).
3
Suppose j + 10 = 17. Let m(z) = -z**3 + 7*z**2 + 1. What is m(j)?
1
Let i(f) = f**2 + 3*f + 1. Let y be (4/(-5))/(20/50). Let d be i(y). Let l(p) = p**3 + p**2 + 1. Determine l(d).
1
Let v = 16 + -12. Let x(t) = -3*t + 4 - 1 + v - 4. Determine x(-3).
12
Let o(a) be the first derivative of a**4/12 + 5*a**3/6 + a**2/2 + 5*a - 6. Let l(v) be the first derivative of o(v). Give l(-5).
1
Let j(d) be the second derivative of -d**3 - 1/12*d**5 - 1/6*d**4 + 0 - 5/2*d**2 + 1/120*d**6 + 4*d. Let b(q) be the first derivative of j(q). Give b(6).
6
Let l(x) = -x + 4. Suppose -4*c = 7 - 19. What is l(c)?
1
Let j = 13 - 18. Let f(o) = 7 + 0*o**2 - 1 - 2*o - o**2. What is f(j)?
-9
Let g(a) be the third derivative of a**6/120 + a**5/30 + a**4/8 + 2*a**2. Determine g(-2).
-6
Let q = -7 + 11. Let d(w) = -3*w - 6. Let v(k) = 2*k + 6. Let f(u) = q*d(u) + 5*v(u). What is f(4)?
-2
Let y(c) = c**2 + 6*c + 2. Let f be (-2 + 1)/(5 - 4). Let o be f + (-1)/(3/12). Calculate y(o).
-3
Suppose 3*m - 14 = -5. Let y(p) = p**2 - 4*p + 2. Let f(u) = -2*u**2 + 8*u - 5. Let h be -11*1 - 4/2. Let k(t) = h*y(t) - 6*f(t). Calculate k(m).
7
Let s(l) be the third derivative of -l**5/60 - l**4/8 + l**3/6 - 6*l**2. Calculate s(3).
-17
Let g be 2/(-8) + 22/(-8). Let a(r) = r + 4. Give a(g).
1
Let d(y) = 2*y**2 - 3*y**2 + 5*y**2 + 2*y**2 + y**3 - 5. What is d(-6)?
-5
Let s(p) = -p**2 + 3*p + 4. Suppose -16 = 3*x - 7*x. Let n = -1 + x. What is s(n)?
4
Let w(s) = -5*s**2 + 1. Let u = -10 + 2. Let h = u - -4. Let l be 1/3 - h/6. Calculate w(l).
-4
Let c(o) = o**3 - 4*o**2 + 2*o - 4. Let u be 11/3 + 6/(-9). Let n be (-21)/(-9) + (-1)/u. Let t be (n/2 - -7)/2. What is c(t)?
4
Let f be 3 + -1 - (-2 + -1). Let d(t) = t**2 - 1. Let s(p) = 4*p**2 - 6. Let h(a) = f*d(a) - s(a). Let b be 3/(-18) + 28/24. What is h(b)?
2
Let j(q) = 3*q**2 - 3*q - 10. Let l(s) = -s**2 + s + 3. Let n(u) = -2*j(u) - 7*l(u). Let d(p) = -p**3 - p**2 + 7*p. Let x(a) = -d(a) - 6*n(a). Give x(5).
1
Suppose 6 = -4*q + 3*b, -5*b + 11 = 4*q + 1. Let o be 1 + q/1 + -2. Let y(t) = 8*t + 1. Give y(o).
-7
Let b(p) = p**3 - 3*p**2 - p + 3. Let j be b(3). Suppose -3*t - 7*c = -2*c - 21, -5*t - 5*c + 25 = j. Let g(x) = x**3 - 3*x**2 + x - 2. What is g(t)?
-4
Let p be 2/(-3) - (-112)/(-21). Let i = -4 - p. Let r(y) = -2*y - y**2 + 8*y + i + 0 + 0. Give r(5).
7
Let r(j) = j**2 + 6*j - 3. Let o be r(-7). Suppose 6 = 2*a - o*a. Let v(